
17676937
List the prime factors of 590897066.
2, 47, 101, 109, 571
List the prime factors of 7146999113.
149, 47966437
What are the prime factors of 6759077278?
2, 83, 40717333
What are the prime factors of 314884794?
2, 3, 7, 31, 241847
List the prime factors of 59093330.
2, 5, 67, 89, 991
What are the prime factors of 183219018?
2, 3, 30536503
What are the prime factors of 2184391939?
173, 12626543
List the prime factors of 1101481661.
7, 19, 23, 397, 907
List the prime factors of 2914522242.
2, 3, 643, 755449
What are the prime factors of 18657904?
2, 29, 79, 509
What are the prime factors of 4488983765?
5, 7, 128256679
List the prime factors of 37899469.
23, 43, 38321
List the prime factors of 1294569353.
7, 11, 107, 157127
What are the prime factors of 59626197?
3, 971, 6823
List the prime factors of 1037026502.
2, 518513251
List the prime factors of 564023023.
419, 1346117
What are the prime factors of 4648219924?
2, 32939, 35279
What are the prime factors of 26628514?
2, 11, 1210387
What are the prime factors of 1408802088?
2, 3, 58700087
List the prime factors of 97402276.
2, 24350569
What are the prime factors of 70575012?
2, 3, 47, 53, 787
List the prime factors of 17524859.
11, 19, 71, 1181
List the prime factors of 79314532.
2, 11, 37, 43, 103
List the prime factors of 26933265.
3, 5, 31, 43, 449
List the prime factors of 28233442.
2, 37, 381533
What are the prime factors of 257976660?
2, 3, 5, 1163, 3697
List the prime factors of 233866745.
5, 7, 397, 16831
What are the prime factors of 2979511114?
2, 1153, 1292069
List the prime factors of 986758322.
2, 11, 2113, 21227
List the prime factors of 1044381206.
2, 11, 991, 47903
What are the prime factors of 74765021?
74765021
What are the prime factors of 54767638?
2, 31, 43, 20543
List the prime factors of 317767677.
3, 105922559
What are the prime factors of 229449545?
5, 13, 743, 4751
What are the prime factors of 769495670?
2, 5, 67, 1148501
What are the prime factors of 420701294?
2, 13, 1163, 13913
List the prime factors of 808211798.
2, 404105899
List the prime factors of 32969246.
2, 16484623
List the prime factors of 15277397.
47, 325051
List the prime factors of 87249462.
2, 3, 14541577
What are the prime factors of 803831128?
2, 17, 5910523
List the prime factors of 5391496922.
2, 7, 1483, 259681
List the prime factors of 55850170.
2, 5, 89, 62753
List the prime factors of 222181392.
2, 3, 941, 4919
What are the prime factors of 592579024?
2, 131, 269, 1051
What are the prime factors of 1069184619?
3, 118798291
What are the prime factors of 659980420?
2, 5, 11, 2999911
List the prime factors of 3937126169.
17, 5669, 40853
What are the prime factors of 1765704719?
61, 28945979
What are the prime factors of 328173077?
29, 11316313
What are the prime factors of 1284655779?
3, 11, 17, 31, 24623
List the prime factors of 90435891.
3, 7, 13, 29, 11423
What are the prime factors of 360758154?
2, 3, 60126359
What are the prime factors of 69175109?
103, 671603
What are the prime factors of 437934739?
11, 17, 2341897
What are the prime factors of 54592557?
3, 149, 122131
What are the prime factors of 236425135?
5, 47285027
What are the prime factors of 110329243?
71, 827, 1879
List the prime factors of 186800431.
59, 367, 8627
What are the prime factors of 15120485?
5, 19, 8377
List the prime factors of 268386368.
2, 167, 25111
List the prime factors of 168545519.
241, 761, 919
List the prime factors of 112875109.
112875109
List the prime factors of 42996333.
3, 2903, 4937
What are the prime factors of 66468481?
47, 557, 2539
What are the prime factors of 426014415?
3, 5, 1229, 7703
List the prime factors of 2416505992.
2, 302063249
What are the prime factors of 2731254?
2, 3, 17, 26777
What are the prime factors of 203324748?
2, 3, 11, 53, 29063
List the prime factors of 25200651.
3, 7, 251, 683
What are the prime factors of 33473109?
3, 251, 44453
List the prime factors of 918222068.
2, 2447, 93811
List the prime factors of 855038582.
2, 427519291
List the prime factors of 3510349546.
2, 11, 283, 563821
List the prime factors of 77781495.
3, 5, 11, 471403
List the prime factors of 238230428.
2, 241, 421, 587
List the prime factors of 128155765.
5, 25631153
List the prime factors of 27533411.
27533411
What are the prime factors of 1128206169?
3, 29, 293, 14753
List the prime factors of 421279083.
3, 15602929
What are the prime factors of 101451184?
2, 19, 333721
List the prime factors of 31012352.
2, 7, 17, 509
List the prime factors of 1305577493.
11, 31, 3828673
List the prime factors of 1217968054.
2, 608984027
What are the prime factors of 359473927?
313, 419, 2741
What are the prime factors of 225190770?
2, 3, 5, 7, 153191
List the prime factors of 4796889840.
2, 3, 5, 6662347
What are the prime factors of 110651480?
2, 5, 2766287
List the prime factors of 122009490.
2, 3, 5, 31, 43, 113
List the prime factors of 107356592.
2, 7, 958541
What are the prime factors of 2686465?
5, 89, 6037
What are the prime factors of 18358141?
149, 123209
List the prime factors of 500705080.
2, 5, 17, 61, 12071
What are the prime factors of 154448704?
2, 2413261
List the prime factors of 1579824031.
1579824031
What are the prime factors of 46164040?
2, 5, 13, 6829
List the prime factors of 8183979587.
7, 18307, 63863
What are the prime factors of 172060669?
11, 1421989
What are the prime factors of 346539582?
2, 3, 137, 140527
What are the prime factors of 2524412883?
3, 239, 3520799
What are the prime factors of 292004232?
2, 3, 13, 47, 19913
What are the prime factors of 488659440?
2, 3, 5, 2036081
What are the prime factors of 22048731?
3, 2449859
List the prime factors of 1223867134.
2, 7, 87419081
List the prime factors of 2145975279.
3, 7, 23, 31, 331, 433
What are the prime factors of 71426505?
3, 5, 89, 53503
What are the prime factors of 70878987?
3, 19, 29, 14293
What are the prime factors of 255591431?
1123, 227597
List the prime factors of 1391644882.
2, 79, 8807879
What are the prime factors of 132447834?
2, 3, 1187, 6199
List the prime factors of 46686152.
2, 5835769
What are the prime factors of 96780341?
7, 167, 11827
List the prime factors of 10487492.
2, 197, 13309
List the prime factors of 17793902.
2, 7, 53, 23981
List the prime factors of 11852368.
2, 11, 67343
What are the prime factors of 84682738?
2, 7, 43, 163, 863
What are the prime factors of 64145317?
53, 1210289
What are the prime factors of 8020468771?
7, 1145781253
What are the prime factors of 153147091?
971, 157721
List the prime factors of 93586518.
2, 3, 41, 211, 601
What are the prime factors of 14608619?
1549, 9431
List the prime factors of 2267055262.
2, 19, 59659349
What are the prime factors of 375893944?
2, 46986743
List the prime factors of 899831454.
2, 3, 17, 8821877
List the prime factors of 194596968.
2, 3, 8108207
List the prime factors of 298950971.
11, 317, 85733
What are the prime factors of 824450540?
2, 5, 41222527
What are the prime factors of 209399289?
3, 11, 83, 89, 859
List the prime factors of 127788275.
5, 521, 9811
List the prime factors of 2643459258.
2, 3, 11, 47, 852179
What are the prime factors of 155881161?
3, 17320129
List the prime factors of 822446453.
822446453
List the prime factors of 4693863429.
3, 521540381
What are the prime factors of 70091012?
2, 79, 221807
List the prime factors of 240407084.
2, 647, 92893
List the prime factors of 669672911.
331, 443, 4567
What are the prime factors of 36126021?
3, 73, 293, 563
What are the prime factors of 144238018?
2, 47, 241, 6367
List the prime factors of 5866826.
2, 7, 419059
List the prime factors of 93434655.
3, 5, 449, 13873
What are the prime factors of 448691758?
2, 1361, 164839
What are the prime factors of 104249792?
2, 233, 6991
What are the prime factors of 202057117?
202057117
What are the prime factors of 2980889524?
2, 745222381
List the prime factors of 95308650.
2, 3, 5, 101, 233
List the prime factors of 656014286.
2, 67, 4895629
What are the prime factors of 35155556?
2, 487, 18047
List the prime factors of 165664893.
3, 113, 488687
List the prime factors of 134043443.
134043443
List the prime factors of 11050689.
3, 13, 41, 6911
What are the prime factors of 454772639?
859, 529421
List the prime factors o